7?
14628
In base 16, what is a0 + 57d7?
5877
In base 16, what is -3b + -f2c?
-f67
In base 4, what is 12112313 + -10323?
12101330
In base 6, what is -1154 + -415?
-2013
In base 9, what is 233 - -157?
401
In base 6, what is 131 + 10012?
10143
In base 15, what is -2 - 64dd?
-64e0
In base 2, what is -10010000111010 - 100?
-10010000111110
In base 11, what is -1 - -11534?
11533
In base 15, what is 8d - d09?
-c6b
In base 4, what is 2 + -1000223?
-1000221
In base 16, what is 8e - 19a?
-10c
In base 13, what is -4 + -2c0ca3?
-2c0ca7
In base 4, what is 320 - -222323?
223303
In base 8, what is -1301 + 134?
-1145
In base 2, what is 100101011001000000101 - 100?
100101011001000000001
In base 5, what is -133230 + -203?
-133433
In base 3, what is 112010 + 210210222?
211100002
In base 6, what is -20 - 12433?
-12453
In base 10, what is -5924 - -110?
-5814
In base 12, what is 178 - -2990?
2b48
In base 10, what is -2188 + -779?
-2967
In base 16, what is -2 - -9251?
924f
In base 10, what is 5 + 10909?
10914
In base 2, what is 110 - -1001001110111?
1001001111101
In base 4, what is -222 - 110221?
-111103
In base 11, what is -81772 - 0?
-81772
In base 16, what is -3 + -1ff26?
-1ff29
In base 4, what is 1031223 + -323?
1030300
In base 9, what is 37 + 3460?
3507
In base 14, what is -1 + 3ba7?
3ba6
In base 11, what is -40957 + 2?
-40955
In base 13, what is 2764 - -2b?
2792
In base 11, what is 62 + 393?
445
In base 6, what is 11533 + -2341?
5152
In base 10, what is -4 - 7137?
-7141
In base 7, what is -5 + -26626?
-26634
In base 11, what is 27 + -17?
10
In base 14, what is -9857 + 19?
-983c
In base 15, what is 250 - -1cd0?
2030
In base 14, what is -16 - 19d?
-1b5
In base 13, what is 2a1 + -36?
268
In base 12, what is -4a1 - -85?
-418
In base 6, what is -2234555 - 25?
-2235024
In base 6, what is 124 + 2135?
2303
In base 8, what is 352320 + 11?
352331
In base 16, what is 5 + 25ce?
25d3
In base 10, what is -209 + 399?
190
In base 6, what is -4142121 - 5?
-4142130
In base 5, what is 43210 - 1014?
42141
In base 8, what is -7 + -14605?
-14614
In base 12, what is 1234 + 3?
1237
In base 2, what is 10100111010101000010 + 11?
10100111010101000101
In base 9, what is 4540 + 22?
4562
In base 16, what is 3d + 12e?
16b
In base 12, what is b - 5a26?
-5a17
In base 14, what is 31 + 112?
143
In base 10, what is -65889 + 2?
-65887
In base 3, what is -102101 - -121120?
12012
In base 4, what is 13201011031 + 3?
13201011100
In base 7, what is -201 - -32012?
31511
In base 15, what is -2 + -9bd5?
-9bd7
In base 11, what is -13708 - -4?
-13704
In base 14, what is 12d3b - bd?
12c5c
In base 15, what is -80c66 + -5?
-80c6b
In base 3, what is -11 - 22020120122?
-22020120210
In base 9, what is -322 + -7488?
-7821
In base 12, what is 6a8289 + -3?
6a8286
In base 9, what is 5 + -17472?
-17466
In base 8, what is -1064 + -473?
-1557
In base 13, what is 59 - 16b5?
-1659
In base 8, what is -1617 - 671?
-2510
In base 5, what is -2 + -11040420?
-11040422
In base 9, what is -2135 - 10?
-2145
In base 12, what is 117a + 8?
1186
In base 2, what is 101000001010101010000 - 0?
101000001010101010000
In base 11, what is -1434464 - -1?
-1434463
In base 2, what is 1110111001111001 + -1?
1110111001111000
In base 5, what is -101413 + 13432?
-32431
In base 16, what is -23098 - 3?
-2309b
In base 13, what is -7 - 13193?
-1319a
In base 6, what is 1121 + 1124?
2245
In base 16, what is e0 - -14?
f4
In base 7, what is -2413620 - 20?
-2413640
In base 16, what is 2 + 353b3?
353b5
In base 13, what is -1842b + a?
-18421
In base 2, what is -1101010111011 + -100110?
-1101011100001
In base 2, what is 100101000 + 100110011?
1001011011
In base 15, what is 493 - 356?
13c
In base 13, what is -7 - -728?
721
In base 14, what is 1 - -7c53?
7c54
In base 12, what is b8820 + -2?
b881a
In base 2, what is -10 - -100110101101001100?
100110101101001010
In base 16, what is 1157 + 284?
13db
In base 3, what is -212 + -1211000?
-1211212
In base 8, what is -5 + 26766?
26761
In base 13, what is -13 - 126ab?
-126c1
In base 11, what is -50096 + 14?
-50082
In base 4, what is 3231 - -30111?
100002
In base 11, what is -2437 + 21?
-2416
In base 16, what is 3 - -7de19?
7de1c
In base 10, what is -119094 - 62?
-119156
In base 12, what is 1a26b5 + 2?
1a26b7
In base 7, what is 45 - -2565?
2643
In base 8, what is -506 + 231?
-255
In base 4, what is 2300 - -10123?
13023
In base 10, what is 5736 + -58?
5678
In base 8, what is -2 + 2467?
2465
In base 9, what is 1505 - 11?
1484
In base 5, what is 1221 + 1223?
2444
In base 4, what is 11313323 - -30?
11320013
In base 12, what is 30b449 - 3?
30b446
In base 3, what is 1222010 + -1011?
1220222
In base 12, what is -4 - 148728?
-148730
In base 16, what is 5 - 810?
-80b
In base 5, what is -3311414 + -4?
-3311423
In base 5, what is -242 + 2431?
2134
In base 7, what is -25550 + -14?
-25564
In base 14, what is cbc - -1c?
cda
In base 5, what is 30 + 12332422?
12333002
In base 5, what is -34103334 - 2?
-34103341
In base 3, what is 1011 - -2002201?
2010212
In base 13, what is -2c9b - 1?
-2c9c
In base 9, what is -666775 + -4?
-666780
In base 10, what is -2 + 443910?
443908
In base 8, what is 3602502 + 1?
3602503
In base 6, what is -225443 - 4?
-225451
In base 2, what is 100111 - 10100001100?
-10011100101
In base 4, what is 22103 + 11?
22120
In base 13, what is -4c64 + -391?
-5325
In base 11, what is 1591 + 28?
1609
In base 12, what is 739 - -34?
771
In base 7, what is -511 + -606?
-1420
In base 13, what is -1821 - -10?
-1811
In base 6, what is -211000 - -1531?
-205025
In base 6, what is -1123 - 23?
-1150
In base 14, what is -26 - 22?
-48
In base 3, what is 10021002000 - 2?
10021001221
In base 3, what is 1212021112112 - -11?
1212021112200
In base 5, what is -3121 - -1221?
-1400
In base 2, what is 100000100001111 - 100011001?
11111111110110
In base 15, what is 3 + 17100?
17103
In base 8, what is -1 + -15573?
-15574
In base 16, what is 4 - -3dcb3?
3dcb7
In base 15, what is -1a4c + -3?
-1a50
In base 11, what is -9 + -3768?
-3776
In base 10, what is 2 - 2727?
-2725
In base 15, what is 1cd0 + -192?
1b3d
In base 6, what is 23155502 + 1?
23155503
In base 2, what is 10111 - 11001011111000?
-11001011100001
In base 11, what is 1516 + -294?
1232
In base 6, what is 312 - -312?
1024
In base 6, what is 12 + -150235?
-150223
In base 14, what is 0 - 162a10?
-162a10
In base 9, what is 7 + 11125?
11133
In base 3, what is 10 - -221110012000?
221110012010
In base 13, what is -2c3b + -a?
-2c48
In base 8, what is -7 - -143371?
143362
In base 10, what is -18 - 9234?
-9252
In base 9, what is 1885 - 5?
1880
In base 15, what is 2e1891 - -3?
2e1894
In base 5, what is -20 - 24342322?
-24342342
In base 2, what is 100000101001111111 + 110?
100000101010000101
In base 5, what is -21034221 - 4?
-21034230
In base 16, what is -3 - -887f?
887c
In base 14, what is -4 + 1260?
125a
In base 11, what is 3 + 18458?
18460
In base 9, what is 20237 + -137?
20100
In base 13, what is 6195a + 0?
6195a
In base 9, what is -1004374 + -4?
-1004378
In base 16, what is 4 + a57a5?
a57a9
In base 4, what is -10033303 - -10?
-10033233
In base 14, what is -7 - 1588d?
-15896
In base 7, what is -1 + 502?
501
In base 12, what is -49b + -407?
-8a6
In base 14, what is 7 - 264?
-25b
In base 3, what is -11 + -101020012020?
-101020012101
In base 16, what is -1b + -b66?
-b81
In base 14, what is 1131 - 2b?
1104
In base 4, what is -133 - -20012011?
20011212
In base 7, what is -2 + 164025?
164023
In base 15, what is c + 766?
773
In base 16, what is -78 + 43?
-35
In base 16, what is 22 + -4999?
-4977
In base 10, what is 3 - -2806?
2809
In base 6, what is 10513 - 203?
10310
In base 6, what is 5555 - 3?
5552
In base 6, what is 3 - 5053?
-5050
In base 2, what is -111111101111 + -100000110?
-1000011110101
In base 15, what is -4e2a + -1?
-4e2b
In base 4, what is 2 + 1111010?
1111012
In base 2, what is -10000101001010011100 - -100?
-10000101001010011000
In base 4, what is -210113223 + -11?
-210113300
In base 13, what is 417 + -37?
3b0
In base 10, what is 1906 + -191?
1715
In base 15, what is 14 - 9bec?
-9bd8
In base 8, what is 37 + -266?
-227
In base 11, what is -2 - -1323a?
13238
In base 14, what is -1d07 + 5?
-1d02
In base 11, what is -3 - -a1641?
a1639
In base 2, what is 11111101101000 - 1110?
11111101011010
I